{"id":1077,"date":"2023-01-01T09:03:30","date_gmt":"2023-01-01T07:03:30","guid":{"rendered":"http:\/\/www.physioandrea.at\/?page_id=1077"},"modified":"2023-01-01T09:06:14","modified_gmt":"2023-01-01T07:06:14","slug":"die-praxis","status":"publish","type":"page","link":"https:\/\/www.physioandrea.at\/?page_id=1077","title":{"rendered":"Die Praxis"},"content":{"rendered":"\n<p>Die Praxis befindet sich im Geb\u00e4ude der Firma Elektrotechnik Haim im 1. Stock.<\/p>\n\n\n\n<p>Parkpl\u00e4tze befinden sich direkt vor dem Geb\u00e4ude.<\/p>\n\n\n\n<figure class=\"is-layout-flex wp-block-gallery-1 wp-block-gallery has-nested-images columns-default is-cropped\"><\/figure>\n","protected":false},"excerpt":{"rendered":"<p>Die Praxis befindet sich im Geb\u00e4ude der Firma Elektrotechnik Haim im 1. Stock. Parkpl\u00e4tze befinden sich direkt vor dem Geb\u00e4ude.<\/p>\n","protected":false},"author":3,"featured_media":1486,"parent":0,"menu_order":0,"comment_status":"closed","ping_status":"open","template":"template-full.php","meta":[],"_links":{"self":[{"href":"https:\/\/www.physioandrea.at\/index.php?rest_route=\/wp\/v2\/pages\/1077"}],"collection":[{"href":"https:\/\/www.physioandrea.at\/index.php?rest_route=\/wp\/v2\/pages"}],"about":[{"href":"https:\/\/www.physioandrea.at\/index.php?rest_route=\/wp\/v2\/types\/page"}],"author":[{"embeddable":true,"href":"https:\/\/www.physioandrea.at\/index.php?rest_route=\/wp\/v2\/users\/3"}],"replies":[{"embeddable":true,"href":"https:\/\/www.physioandrea.at\/index.php?rest_route=%2Fwp%2Fv2%2Fcomments&post=1077"}],"version-history":[{"count":5,"href":"https:\/\/www.physioandrea.at\/index.php?rest_route=\/wp\/v2\/pages\/1077\/revisions"}],"predecessor-version":[{"id":1492,"href":"https:\/\/www.physioandrea.at\/index.php?rest_route=\/wp\/v2\/pages\/1077\/revisions\/1492"}],"wp:featuredmedia":[{"embeddable":true,"href":"https:\/\/www.physioandrea.at\/index.php?rest_route=\/wp\/v2\/media\/1486"}],"wp:attachment":[{"href":"https:\/\/www.physioandrea.at\/index.php?rest_route=%2Fwp%2Fv2%2Fmedia&parent=1077"}],"curies":[{"name":"wp","href":"https:\/\/api.w.org\/{rel}","templated":true}]}}